. What is the units digit of f?
3
Let g be 3 + (8/(-6))/((-3)/9). Suppose -116 = g*n - 900. What is the hundreds digit of n?
1
Suppose 1849 = -4*w + a + 55549, 2*a + 40275 = 3*w. What is the hundreds digit of w?
4
Let t(g) = -126*g**3 + 18*g**2 + 11*g - 52. Let m(l) = -43*l**3 + 6*l**2 + 4*l - 17. Let o(h) = -8*m(h) + 3*t(h). What is the hundreds digit of o(-3)?
9
What is the ten thousands digit of -95721*(2 - (-8 + (-124)/(-12)))?
3
Let u(g) = -6*g - 12. Let v be u(-3). Suppose -3*o = v*o - 108. What is the units digit of ((-69)/o)/((-6)/72)?
9
Let o be 9/6*(8 - (0 + 6)). Suppose -o*x - a + 590 = 0, -3*x = -x - a - 400. What is the units digit of x?
8
Let k(i) = 0*i + 5*i**2 + 1 - 3*i**3 + 3*i + 3*i**2 + 4*i**3. Let o(z) = -4*z - 55. Let c be o(-12). What is the tens digit of k(c)?
2
Let i(v) = -2912*v - 2432. What is the units digit of i(-4)?
6
Let f(k) = k**2 - 17*k + 3. Let w be f(17). Let d be (-3 - 285)/(-2)*w. Let t = -284 + d. What is the hundreds digit of t?
1
Let n = -41 + 96. Let k = -164 + 180. Let y = n + k. What is the units digit of y?
1
Let r be (-10 + 0)*(37 + -15) - -4. Let s = 475 + r. What is the units digit of s?
9
Let h(o) = 846*o - 2236. What is the ten thousands digit of h(43)?
3
Let g = 18860 + -2470. What is the thousands digit of g?
6
Let t = 42531 - -1487. What is the hundreds digit of t?
0
Let f be 0 + 251*(-5)/(-5). Suppose -4*j + 9*j + 5*w - 1240 = 0, -j - 2*w = -f. Let z = j + -174. What is the units digit of z?
1
What is the hundreds digit of (-34 - -5381)*(-1 + 2)?
3
Let z = 351 + -348. Suppose -3006 = -5*p + z*i + 6440, 2*i - 9436 = -5*p. What is the tens digit of p?
8
Suppose 0 = 6*a - 17 - 7, 4*z - 68048 = 4*a. What is the hundreds digit of z?
0
Let g(u) = -27 + 72*u**3 - 12*u**2 - u**2 + 13*u - 73*u**3. What is the hundreds digit of g(-15)?
2
Let c(a) = -a**3 + 5*a**2 + 27*a + 16. Let m be c(9). Let v = 57 - m. What is the tens digit of v?
2
Suppose 0 = -12*p + 20531 - 3395. Suppose 2*f = 6*f + 2*t - 2856, -p = -2*f + t. What is the hundreds digit of f?
7
Suppose 5*s - 12330 - 16913 = 1587. What is the units digit of s?
6
Let w(b) be the second derivative of -b**5/4 + b**4/6 + b**3/6 + 2*b**2 + 4*b. Suppose -v + 9 = -5*k, 4*k - 3*k = -5*v - 7. What is the tens digit of w(k)?
5
Let h = -25290 - -38426. What is the tens digit of h?
3
Let s = -49461 - -81848. What is the hundreds digit of s?
3
Suppose 16553*b - 16572*b = -296058. What is the thousands digit of b?
5
Let s(v) = 13*v - 261. Let u be s(21). Suppose h - 10 - 10 = 0. What is the units digit of 846/10 - u/h?
4
Let g = -2691 + 3220. What is the tens digit of g?
2
Let m be (0/3 + -12)*(-1)/(-2). Let j(s) = 13*s**2 + 27*s - 19. What is the hundreds digit of j(m)?
2
Let t = -15288 + 29828. What is the ten thousands digit of t?
1
Let d(w) = -5*w**2 + 3*w + 32. Let c be d(-4). What is the tens digit of 0*4/16 - (c + 1)?
5
Let w be (0/3 - -44) + 3/(-3). Let t = w - 33. What is the units digit of 8/t + 1383/15?
3
Suppose -4*h - 28 = -2*l - 2*l, -4*h + 2 = 2*l. Let v be (0 + h - -5) + -155. Let c = -55 - v. What is the tens digit of c?
9
Let h(v) = -157*v + 159*v + 5*v**2 - v**3 + 2 + 2. Let z be (2/(-3))/((-4)/24). What is the units digit of h(z)?
8
Let i be (2*227)/(72/7 - 10). Let v = i - 888. What is the tens digit of v?
0
Let v(h) = 2*h - 18. Let m be v(10). Suppose 3*p = m*f + 9, 2*p - 2 = f + p. Let o = 93 - f. What is the tens digit of o?
9
Let m be (-3294)/(-36) + (-5)/2. Suppose 0 = -m*i + 85*i + 20. What is the units digit of i?
5
Let t(z) = 836*z**2 + z + 107. What is the tens digit of t(8)?
1
Suppose 5*u = m - 29685, 3*m - 4*u - 94445 = -5489. What is the hundreds digit of m?
6
Let q be 9620/6 + (-9)/27. Suppose 35*f = 42*f - q. What is the tens digit of f?
2
Suppose 79*q + 53*q + 1158015 = 6666111. What is the thousands digit of q?
1
Let y(l) = 60 + l**3 - 27*l + 10*l**2 - 14*l**2 + 19*l + 11*l. What is the units digit of y(10)?
0
Let a(w) = 4*w**3 - 7*w**2 - 4*w - 11. Let t = 148 - 145. Suppose -11 = t*p - 26. What is the hundreds digit of a(p)?
2
Let f(n) = -384*n + 1873. What is the units digit of f(-61)?
7
What is the hundreds digit of 920/50 + -18 - (-46543)/5?
3
Let g = 298 + -293. Suppose 8*f - 2063 = g*f + 5*m, 4*f - 2789 = -m. What is the hundreds digit of f?
6
Let r(c) = -c**2 + 5*c - 21. Let g be r(6). Let t = 37 + g. What is the units digit of t?
0
Let o = -18 + 0. Let z be (10/30)/((-2)/o). What is the units digit of 10/z*(-11 - -17)?
0
Suppose -4*w + 17*w - 75363 = 10*w. What is the ten thousands digit of w?
2
Suppose 7042 = -0*m + 14*m. Let k = m - 184. What is the units digit of k?
9
Let a(x) = 41*x**2 + 124*x - 31. What is the units digit of a(-12)?
5
Let m(q) = -1125*q**3 - 21*q**2 - 30*q + 12. What is the tens digit of m(-2)?
8
Suppose -222 = -7*z + 93. Suppose -42*y + z*y - 9 = 0. Suppose d + 3 = 4*w, y*d - w + 22 = 4*d. What is the tens digit of d?
1
Let a be -4*35/20 + 43334. Suppose -23*s = -60*s + a. What is the thousands digit of s?
1
Let y = -180 + 200. Suppose y*g = -0*g + 3020. What is the hundreds digit of g?
1
Suppose 25*f + 795 = 10*f. Let q = f + 311. What is the hundreds digit of q?
2
Let h be ((-8 - -1) + 29)*-4. What is the tens digit of (-65368)/h - 14/(-77)?
4
Let p = 17727 - 1379. What is the units digit of p?
8
What is the hundreds digit of ((-5488)/(-1))/2 - ((-68)/(-4) + -15)?
7
Let o = -250 + 292. Suppose -o*y + 38*y = -3148. What is the units digit of y?
7
Suppose -5*n + 4*f - 76 = 0, 3*n - 2*f - 34 = 5*n. Let o(m) = -m**3 - 12*m**2 + 9*m + 190. What is the tens digit of o(n)?
7
Suppose 0 = -184*i + 191*i - 1197. Let g = i + 0. What is the hundreds digit of g?
1
Suppose -x = -2*p + 3, 5*p = 2*x + 2*x. Suppose -34 = j - 2*a, j = x*j - 5*a + 133. Let b = 75 + j. What is the tens digit of b?
4
Let d(x) be the third derivative of 8*x**5 - 5*x**4/24 - x**3/6 + 55*x**2. What is the units digit of d(1)?
4
Let i(k) = -302*k + 529. What is the thousands digit of i(-21)?
6
Suppose 67*b - 64*b = -27. Let y = b + 23. Suppose -6*n = -y*n + 208. What is the units digit of n?
6
Let l(r) = -r**2 - 20*r + 7. Suppose -b - 5*c - 15 = -0*b, b - c = -3. What is the units digit of l(b)?
2
Suppose 0*w + w - 3*v = -12, 5*w - 3*v + 12 = 0. Suppose -6*a + 138 = -w. What is the tens digit of a?
2
Suppose -3*q = -30*m + 33*m - 151941, 12*m - 607771 = -5*q. What is the thousands digit of m?
0
What is the ten thousands digit of ((-116616)/3612)/((-2)/756)?
1
Suppose -17*y + 35 = -1376. Suppose 16 = 4*v, -4*v = -11*z + 12*z - y. What is the tens digit of z?
6
Suppose -7*b - 37 = 530. Let u = 76 + b. What is the tens digit of (-1 - -43)*2 + u?
7
Suppose 0 = 54*t - 235001 + 41573. What is the tens digit of t?
8
Let u(m) = -17*m - 17. Let q be u(-3). Suppose 4*k = l - 89, -2*k + l = -q + 79. Let h = 21 - k. What is the units digit of h?
3
Suppose -8*y + 36065 = -28589 - 76914. What is the ten thousands digit of y?
1
Let z = 278 - 273. Suppose -4*o + 358 = -5*k - 2993, -4192 = -z*o + 3*k. What is the hundreds digit of o?
8
Let j = -137 - -217. Suppose j = 9*q - 1027. What is the units digit of q?
3
Let p = -6438 + 8345. What is the hundreds digit of p?
9
Let h = -123 + 136. Suppose 21*q - h*q = 8. What is the units digit of (-2 - 0/q) + 216 + 4?
8
Suppose 2*a + 15 = 5*a. Let g(u) = 95*u - 919. Let x be g(13). Suppose -a*s + 379 = -x. What is the tens digit of s?
3
What is the units digit of 1088/1088*(11832 + (0 - (-1 + 2)))?
1
Let j(w) = 4*w**3 - 20*w**2 + 118*w + 79. What is the hundreds digit of j(27)?
4
Suppose 0 = 2*i - 6, 44 + 67 = 2*g + i. Suppose 53*b - g*b - 54 = 0. Let s = b - -102. What is the units digit of s?
8
Suppose 5*s = l + 83401, -33364 = 14*s - 16*s + l. What is the hundreds digit of s?
6
What is the thousands digit of 12/180 - (-804144)/90 - 5*1?
8
Suppose -a + 4*o + 29 = 0, 4*a - 11*o + 6*o - 61 = 0. Suppose -17 = 4*u + 67. What is the hundreds digit of (u/a)/((-6)/558)?
2
Suppose -38*z + 59*z = 63. What is the tens digit of (38205/60)/(z/8)?
9
Let n(c) = 2*c**2 - 6*c + 5. Let w be n(4). Suppose -i - i + 2 = -4*a, w = 3*i - a. Suppose -4*g + 242 = 3*v, 75 = v + i*g - 13. What is the units digit of v?
8
Let v(s) = 42*s**2 + 12*s - 400. What is the hundreds digit of v(-24)?
5
Let v(f) be the first derivative of 